{"id":338,"date":"2013-04-16T19:44:36","date_gmt":"2013-04-16T17:44:36","guid":{"rendered":"http:\/\/chocobranco.de\/?page_id=338"},"modified":"2025-11-23T16:33:52","modified_gmt":"2025-11-23T14:33:52","slug":"impressum","status":"publish","type":"page","link":"https:\/\/chocobranco.de\/?page_id=338","title":{"rendered":"Impressum"},"content":{"rendered":"\n<p><strong>Angaben gem\u00e4\u00df \u00a7 5 TMG<\/strong><\/p>\n\n\n\n<p><em>Batucada Choco Branco e. V.<\/em><\/p>\n\n\n\n<p><em>Vereinsregister: VR 2149<\/em><\/p>\n\n\n\n<p><em>Registergericht: Amtsgericht M\u00f6nchengladbach<\/em><\/p>\n\n\n\n<p><em>Vertreten durch: Petra K\u00f6hnen<\/em><\/p>\n\n\n\n<p><em>Eickener H\u00f6he 64<\/em><\/p>\n\n\n\n<p><em>41063 M\u00f6nchengladbach<\/em><\/p>\n\n\n\n<p><em>Deutschland<\/em><\/p>\n\n\n\n<p><\/p>\n\n\n\n<p><strong>Kontakt<\/strong><\/p>\n\n\n\n<p><em>Telefon: 0157 \/ 32 05 64 60<\/em><\/p>\n\n\n\n<p><em>E-Mail: info@chocobranco.de<\/em><\/p>\n\n\n\n<p><\/p>\n\n\n\n<p><strong>Streitschlichtung<\/strong><\/p>\n\n\n\n<p><em>Die Europ\u00e4ische Kommission stellt eine Plattform zur Online-Streitbeilegung (OS) bereit:<\/em><\/p>\n\n\n\n<p><a href=\"https:\/\/ec.europa.eu\/consumers\/odr\">https:\/\/ec.europa.eu\/consumers\/odr<\/a><\/p>\n\n\n\n<p><em>Wir sind nicht bereit oder verpflichtet, an einem Streitbeilegungsverfahren vor einer<\/em><\/p>\n\n\n\n<p><em>Verbraucherschlichtungsstelle teilzunehmen.<\/em><\/p>\n\n\n\n<p><\/p>\n\n\n\n<p><strong>Verantwortlich f\u00fcr den Inhalt nach \u00a7 55 Abs. 2 RStV<\/strong><\/p>\n\n\n\n<p><em>Petra K\u00f6hnen<\/em><\/p>\n\n\n\n<p><em>Eickener H\u00f6he 64<\/em><\/p>\n\n\n\n<p><em>41063 M\u00f6nchengladbach<\/em><\/p>\n\n\n\n<p><em>Deutschland<\/em><\/p>\n\n\n\n<p><\/p>\n\n\n\n<p><em>\u00a9 2025 Batucada Choco Branco e. V. \u2013 Alle Rechte vorbehalten.<\/em><\/p>\n\n\n\n<figure class=\"wp-block-image size-large is-resized is-style-default\"><img loading=\"lazy\" decoding=\"async\" width=\"1024\" height=\"1024\" src=\"https:\/\/chocobranco.de\/wp-content\/uploads\/2023\/04\/FullSizeRender-5-1024x1024.jpeg\" alt=\"\" class=\"wp-image-1356\" style=\"width:512px;height:512px\" srcset=\"https:\/\/chocobranco.de\/wp-content\/uploads\/2023\/04\/FullSizeRender-5-1024x1024.jpeg 1024w, https:\/\/chocobranco.de\/wp-content\/uploads\/2023\/04\/FullSizeRender-5-300x300.jpeg 300w, https:\/\/chocobranco.de\/wp-content\/uploads\/2023\/04\/FullSizeRender-5-150x150.jpeg 150w, https:\/\/chocobranco.de\/wp-content\/uploads\/2023\/04\/FullSizeRender-5-768x768.jpeg 768w, https:\/\/chocobranco.de\/wp-content\/uploads\/2023\/04\/FullSizeRender-5-500x500.jpeg 500w, https:\/\/chocobranco.de\/wp-content\/uploads\/2023\/04\/FullSizeRender-5-400x400.jpeg 400w, https:\/\/chocobranco.de\/wp-content\/uploads\/2023\/04\/FullSizeRender-5-1536x1536.jpeg 1536w, https:\/\/chocobranco.de\/wp-content\/uploads\/2023\/04\/FullSizeRender-5-2048x2048.jpeg 2048w\" sizes=\"(max-width: 1024px) 100vw, 1024px\" \/><\/figure>\n","protected":false},"excerpt":{"rendered":"<p>Angaben gem\u00e4\u00df \u00a7 5 TMG Batucada Choco Branco e. V. Vereinsregister: VR 2149 Registergericht: Amtsgericht M\u00f6nchengladbach Vertreten durch: Petra K\u00f6hnen Eickener H\u00f6he 64 41063 M\u00f6nchengladbach Deutschland Kontakt Telefon: 0157 \/ 32 05 64 60 E-Mail: info@chocobranco.de Streitschlichtung Die Europ\u00e4ische Kommission stellt eine Plattform zur Online-Streitbeilegung (OS) bereit: https:\/\/ec.europa.eu\/consumers\/odr Wir sind nicht bereit oder verpflichtet, an [&hellip;]<\/p>\n","protected":false},"author":4,"featured_media":1356,"parent":1397,"menu_order":3,"comment_status":"closed","ping_status":"closed","template":"","meta":{"saved_in_kubio":true,"iawp_total_views":0,"footnotes":""},"class_list":["post-338","page","type-page","status-publish","has-post-thumbnail","hentry"],"kubio_ai_page_context":{"short_desc":"","purpose":"general"},"yoast_head":"<!-- This site is optimized with the Yoast SEO plugin v27.5 - https:\/\/yoast.com\/product\/yoast-seo-wordpress\/ -->\n<title>Choco Branco \/ Impressum<\/title>\n<meta name=\"description\" content=\"Batucada Choco Branco e.V.\" \/>\n<meta name=\"robots\" content=\"noindex, nofollow\" \/>\n<meta property=\"og:locale\" content=\"de_DE\" \/>\n<meta property=\"og:type\" content=\"article\" \/>\n<meta property=\"og:title\" content=\"Choco Branco \/ Impressum\" \/>\n<meta property=\"og:description\" content=\"Batucada Choco Branco e.V.\" \/>\n<meta property=\"og:url\" content=\"https:\/\/chocobranco.de\/?page_id=338\" \/>\n<meta property=\"og:site_name\" content=\"ChocoBranco\" \/>\n<meta property=\"article:modified_time\" content=\"2025-11-23T14:33:52+00:00\" \/>\n<meta property=\"og:image\" content=\"http:\/\/chocobranco.de\/wp-content\/uploads\/2023\/04\/FullSizeRender-5-1024x1024.jpeg\" \/>\n<meta name=\"twitter:card\" content=\"summary_large_image\" \/>\n<script type=\"application\/ld+json\" class=\"yoast-schema-graph\">{\"@context\":\"https:\\\/\\\/schema.org\",\"@graph\":[{\"@type\":\"WebPage\",\"@id\":\"https:\\\/\\\/chocobranco.de\\\/?page_id=338\",\"url\":\"https:\\\/\\\/chocobranco.de\\\/?page_id=338\",\"name\":\"Choco Branco \\\/ Impressum\",\"isPartOf\":{\"@id\":\"https:\\\/\\\/chocobranco.de\\\/#website\"},\"primaryImageOfPage\":{\"@id\":\"https:\\\/\\\/chocobranco.de\\\/?page_id=338#primaryimage\"},\"image\":{\"@id\":\"https:\\\/\\\/chocobranco.de\\\/?page_id=338#primaryimage\"},\"thumbnailUrl\":\"https:\\\/\\\/chocobranco.de\\\/wp-content\\\/uploads\\\/2023\\\/04\\\/FullSizeRender-5.jpeg\",\"datePublished\":\"2013-04-16T17:44:36+00:00\",\"dateModified\":\"2025-11-23T14:33:52+00:00\",\"description\":\"Batucada Choco Branco e.V.\",\"breadcrumb\":{\"@id\":\"https:\\\/\\\/chocobranco.de\\\/?page_id=338#breadcrumb\"},\"inLanguage\":\"de\",\"potentialAction\":[{\"@type\":\"ReadAction\",\"target\":[\"https:\\\/\\\/chocobranco.de\\\/?page_id=338\"]}]},{\"@type\":\"ImageObject\",\"inLanguage\":\"de\",\"@id\":\"https:\\\/\\\/chocobranco.de\\\/?page_id=338#primaryimage\",\"url\":\"https:\\\/\\\/chocobranco.de\\\/wp-content\\\/uploads\\\/2023\\\/04\\\/FullSizeRender-5.jpeg\",\"contentUrl\":\"https:\\\/\\\/chocobranco.de\\\/wp-content\\\/uploads\\\/2023\\\/04\\\/FullSizeRender-5.jpeg\",\"width\":2199,\"height\":2199},{\"@type\":\"BreadcrumbList\",\"@id\":\"https:\\\/\\\/chocobranco.de\\\/?page_id=338#breadcrumb\",\"itemListElement\":[{\"@type\":\"ListItem\",\"position\":1,\"name\":\"Startseite\",\"item\":\"https:\\\/\\\/chocobranco.de\\\/\"},{\"@type\":\"ListItem\",\"position\":2,\"name\":\"Home\",\"item\":\"https:\\\/\\\/chocobranco.de\\\/\"},{\"@type\":\"ListItem\",\"position\":3,\"name\":\"Impressum\"}]},{\"@type\":\"WebSite\",\"@id\":\"https:\\\/\\\/chocobranco.de\\\/#website\",\"url\":\"https:\\\/\\\/chocobranco.de\\\/\",\"name\":\"ChocoBranco\",\"description\":\"Samba Percussion aus M\u00f6nchengladbach\",\"publisher\":{\"@id\":\"https:\\\/\\\/chocobranco.de\\\/#organization\"},\"alternateName\":\"Chocos\",\"potentialAction\":[{\"@type\":\"SearchAction\",\"target\":{\"@type\":\"EntryPoint\",\"urlTemplate\":\"https:\\\/\\\/chocobranco.de\\\/?s={search_term_string}\"},\"query-input\":{\"@type\":\"PropertyValueSpecification\",\"valueRequired\":true,\"valueName\":\"search_term_string\"}}],\"inLanguage\":\"de\"},{\"@type\":\"Organization\",\"@id\":\"https:\\\/\\\/chocobranco.de\\\/#organization\",\"name\":\"ChocoBranco\",\"url\":\"https:\\\/\\\/chocobranco.de\\\/\",\"logo\":{\"@type\":\"ImageObject\",\"inLanguage\":\"de\",\"@id\":\"https:\\\/\\\/chocobranco.de\\\/#\\\/schema\\\/logo\\\/image\\\/\",\"url\":\"https:\\\/\\\/chocobranco.de\\\/wp-content\\\/uploads\\\/2023\\\/04\\\/cropped-IleAiye_BonitoTeSeVer_OK-mp3-image-1.png\",\"contentUrl\":\"https:\\\/\\\/chocobranco.de\\\/wp-content\\\/uploads\\\/2023\\\/04\\\/cropped-IleAiye_BonitoTeSeVer_OK-mp3-image-1.png\",\"width\":577,\"height\":341,\"caption\":\"ChocoBranco\"},\"image\":{\"@id\":\"https:\\\/\\\/chocobranco.de\\\/#\\\/schema\\\/logo\\\/image\\\/\"}}]}<\/script>\n<!-- \/ Yoast SEO plugin. -->","yoast_head_json":{"title":"Choco Branco \/ Impressum","description":"Batucada Choco Branco e.V.","robots":{"index":"noindex","follow":"nofollow"},"og_locale":"de_DE","og_type":"article","og_title":"Choco Branco \/ Impressum","og_description":"Batucada Choco Branco e.V.","og_url":"https:\/\/chocobranco.de\/?page_id=338","og_site_name":"ChocoBranco","article_modified_time":"2025-11-23T14:33:52+00:00","og_image":[{"url":"http:\/\/chocobranco.de\/wp-content\/uploads\/2023\/04\/FullSizeRender-5-1024x1024.jpeg","type":"","width":"","height":""}],"twitter_card":"summary_large_image","schema":{"@context":"https:\/\/schema.org","@graph":[{"@type":"WebPage","@id":"https:\/\/chocobranco.de\/?page_id=338","url":"https:\/\/chocobranco.de\/?page_id=338","name":"Choco Branco \/ Impressum","isPartOf":{"@id":"https:\/\/chocobranco.de\/#website"},"primaryImageOfPage":{"@id":"https:\/\/chocobranco.de\/?page_id=338#primaryimage"},"image":{"@id":"https:\/\/chocobranco.de\/?page_id=338#primaryimage"},"thumbnailUrl":"https:\/\/chocobranco.de\/wp-content\/uploads\/2023\/04\/FullSizeRender-5.jpeg","datePublished":"2013-04-16T17:44:36+00:00","dateModified":"2025-11-23T14:33:52+00:00","description":"Batucada Choco Branco e.V.","breadcrumb":{"@id":"https:\/\/chocobranco.de\/?page_id=338#breadcrumb"},"inLanguage":"de","potentialAction":[{"@type":"ReadAction","target":["https:\/\/chocobranco.de\/?page_id=338"]}]},{"@type":"ImageObject","inLanguage":"de","@id":"https:\/\/chocobranco.de\/?page_id=338#primaryimage","url":"https:\/\/chocobranco.de\/wp-content\/uploads\/2023\/04\/FullSizeRender-5.jpeg","contentUrl":"https:\/\/chocobranco.de\/wp-content\/uploads\/2023\/04\/FullSizeRender-5.jpeg","width":2199,"height":2199},{"@type":"BreadcrumbList","@id":"https:\/\/chocobranco.de\/?page_id=338#breadcrumb","itemListElement":[{"@type":"ListItem","position":1,"name":"Startseite","item":"https:\/\/chocobranco.de\/"},{"@type":"ListItem","position":2,"name":"Home","item":"https:\/\/chocobranco.de\/"},{"@type":"ListItem","position":3,"name":"Impressum"}]},{"@type":"WebSite","@id":"https:\/\/chocobranco.de\/#website","url":"https:\/\/chocobranco.de\/","name":"ChocoBranco","description":"Samba Percussion aus M\u00f6nchengladbach","publisher":{"@id":"https:\/\/chocobranco.de\/#organization"},"alternateName":"Chocos","potentialAction":[{"@type":"SearchAction","target":{"@type":"EntryPoint","urlTemplate":"https:\/\/chocobranco.de\/?s={search_term_string}"},"query-input":{"@type":"PropertyValueSpecification","valueRequired":true,"valueName":"search_term_string"}}],"inLanguage":"de"},{"@type":"Organization","@id":"https:\/\/chocobranco.de\/#organization","name":"ChocoBranco","url":"https:\/\/chocobranco.de\/","logo":{"@type":"ImageObject","inLanguage":"de","@id":"https:\/\/chocobranco.de\/#\/schema\/logo\/image\/","url":"https:\/\/chocobranco.de\/wp-content\/uploads\/2023\/04\/cropped-IleAiye_BonitoTeSeVer_OK-mp3-image-1.png","contentUrl":"https:\/\/chocobranco.de\/wp-content\/uploads\/2023\/04\/cropped-IleAiye_BonitoTeSeVer_OK-mp3-image-1.png","width":577,"height":341,"caption":"ChocoBranco"},"image":{"@id":"https:\/\/chocobranco.de\/#\/schema\/logo\/image\/"}}]}},"_links":{"self":[{"href":"https:\/\/chocobranco.de\/index.php?rest_route=\/wp\/v2\/pages\/338","targetHints":{"allow":["GET"]}}],"collection":[{"href":"https:\/\/chocobranco.de\/index.php?rest_route=\/wp\/v2\/pages"}],"about":[{"href":"https:\/\/chocobranco.de\/index.php?rest_route=\/wp\/v2\/types\/page"}],"author":[{"embeddable":true,"href":"https:\/\/chocobranco.de\/index.php?rest_route=\/wp\/v2\/users\/4"}],"replies":[{"embeddable":true,"href":"https:\/\/chocobranco.de\/index.php?rest_route=%2Fwp%2Fv2%2Fcomments&post=338"}],"version-history":[{"count":3,"href":"https:\/\/chocobranco.de\/index.php?rest_route=\/wp\/v2\/pages\/338\/revisions"}],"predecessor-version":[{"id":4419,"href":"https:\/\/chocobranco.de\/index.php?rest_route=\/wp\/v2\/pages\/338\/revisions\/4419"}],"up":[{"embeddable":true,"href":"https:\/\/chocobranco.de\/index.php?rest_route=\/wp\/v2\/pages\/1397"}],"wp:featuredmedia":[{"embeddable":true,"href":"https:\/\/chocobranco.de\/index.php?rest_route=\/wp\/v2\/media\/1356"}],"wp:attachment":[{"href":"https:\/\/chocobranco.de\/index.php?rest_route=%2Fwp%2Fv2%2Fmedia&parent=338"}],"curies":[{"name":"wp","href":"https:\/\/api.w.org\/{rel}","templated":true}]}}